 when 1266469 is divided by 13192.
37
What is the remainder when 1416265 is divided by 2529?
25
What is the remainder when 77196702 is divided by 416?
414
Calculate the remainder when 6536250 is divided by 51875.
0
What is the remainder when 1036333 is divided by 16987?
126
What is the remainder when 1052593 is divided by 1021?
963
What is the remainder when 4647017 is divided by 981?
20
What is the remainder when 209716 is divided by 104608?
500
Calculate the remainder when 23274 is divided by 20744.
2530
Calculate the remainder when 275444 is divided by 4439.
226
Calculate the remainder when 77807 is divided by 2853.
776
What is the remainder when 79428669 is divided by 458?
19
What is the remainder when 6318108 is divided by 141?
39
Calculate the remainder when 431081194 is divided by 20.
14
What is the remainder when 1472086 is divided by 1563?
1303
What is the remainder when 23763021 is divided by 890?
21
Calculate the remainder when 392704 is divided by 378.
340
Calculate the remainder when 1022584 is divided by 317.
259
Calculate the remainder when 5151889 is divided by 1737.
1684
Calculate the remainder when 122319193 is divided by 45.
13
Calculate the remainder when 2601812 is divided by 289.
234
Calculate the remainder when 4797440 is divided by 21610.
20
What is the remainder when 191547 is divided by 2081?
95
What is the remainder when 1052918 is divided by 420?
398
What is the remainder when 2205162 is divided by 13?
11
Calculate the remainder when 1348462626 is divided by 17.
16
Calculate the remainder when 14447464 is divided by 241.
237
What is the remainder when 643860 is divided by 12380?
100
What is the remainder when 9721433 is divided by 401?
391
Calculate the remainder when 910578 is divided by 35.
18
What is the remainder when 13141336 is divided by 22?
10
Calculate the remainder when 11048716 is divided by 70.
56
Calculate the remainder when 25819516 is divided by 179.
19
Calculate the remainder when 12154142 is divided by 346.
200
Calculate the remainder when 151514 is divided by 50479.
77
What is the remainder when 1061848 is divided by 457?
237
Calculate the remainder when 16215178 is divided by 60.
58
What is the remainder when 19722026 is divided by 87?
83
Calculate the remainder when 11611 is divided by 11494.
117
Calculate the remainder when 112008724 is divided by 530847.
7
What is the remainder when 1458404 is divided by 311?
125
Calculate the remainder when 21108158 is divided by 251287.
50
Calculate the remainder when 2343313 is divided by 2.
1
What is the remainder when 325789 is divided by 519?
376
What is the remainder when 70847698 is divided by 68?
62
Calculate the remainder when 638869 is divided by 13879.
435
What is the remainder when 4271693 is divided by 2135846?
1
Calculate the remainder when 39858 is divided by 264.
258
What is the remainder when 33315209 is divided by 7290?
7199
What is the remainder when 101116748 is divided by 254702?
54
What is the remainder when 34942385 is divided by 490?
485
What is the remainder when 21713099 is divided by 362?
339
What is the remainder when 778467 is divided by 111195?
102
Calculate the remainder when 995549 is divided by 71110.
9
Calculate the remainder when 10301875 is divided by 988.
987
What is the remainder when 48229 is divided by 17175?
13879
Calculate the remainder when 1926900 is divided by 481723.
8
Calculate the remainder when 21689658 is divided by 2711197.
82
Calculate the remainder when 30936 is divided by 6814.
3680
What is the remainder when 1379885 is divided by 896?
45
What is the remainder when 802867 is divided by 17?
8
What is the remainder when 1311289 is divided by 218548?
1
What is the remainder when 1286619 is divided by 239?
82
What is the remainder when 690668 is divided by 1197?
1196
What is the remainder when 18075005 is divided by 445?
440
Calculate the remainder when 321151 is divided by 440.
391
What is the remainder when 33265729 is divided by 17112?
1
Calculate the remainder when 24612 is divided by 4279.
3217
Calculate the remainder when 86546 is divided by 7101.
1334
Calculate the remainder when 7861125 is divided by 170.
155
Calculate the remainder when 243592 is divided by 221.
50
What is the remainder when 55389773 is divided by 2299?
2265
Calculate the remainder when 86775 is divided by 330.
315
What is the remainder when 14077235 is divided by 4445?
4365
What is the remainder when 38763650 is divided by 23184?
2
What is the remainder when 32700 is divided by 2718?
84
Calculate the remainder when 207896823 is divided by 52.
43
Calculate the remainder when 783141014 is divided by 398.
394
What is the remainder when 54405017 is divided by 1051?
2
What is the remainder when 5416192 is divided by 1354047?
4
What is the remainder when 109940969 is divided by 34?
31
Calculate the remainder when 117788 is divided by 1043.
972
Calculate the remainder when 424014 is divided by 3927.
3825
Calculate the remainder when 722188 is divided by 4459.
4289
What is the remainder when 89775 is divided by 41985?
5805
Calculate the remainder when 4107830 is divided by 164308.
130
Calculate the remainder when 94772 is divided by 22850.
3372
What is the remainder when 2353509 is divided by 3251?
3036
What is the remainder when 1119858 is divided by 7723?
23
What is the remainder when 115767073 is divided by 21663?
1
What is the remainder when 9663895 is divided by 43?
32
What is the remainder when 108296409 is divided by 72?
57
What is the remainder when 681171 is divided by 22692?
411
Calculate the remainder when 494727 is divided by 13736.
231
Calculate the remainder when 697318 is divided by 1603.
13
Calculate the remainder when 102892 is divided by 23668.
8220
What is the remainder when 8100817 is divided by 1620112?
257
Calculate the remainder when 2836584 is divided by 50.
34
Calculate the remainder when 5809179 is divided by 2244.
1707
What is the remainder when 547992411 is divided by 68499050?
11
What is the remainder when 18104677 is divided by 603489?
7
What is the remainder when 5540691 is divided by 3554?
5
Calculate the remainder when 267444140 is divided by 3074.
3066
Calculate the remainder when 553415964 is divided by 992.
988
Calculate the remainder when 275002 is divided by 12496.
90
Calculate the remainder when 1990820 is divided by 12.
8
Calculate the remainder when 37251 is divided by 840.
291
What is the remainder when 69320674 is divided by 220?
214
What is the remainder when 21994 is divided by 2530?
1754
Calculate the remainder when 1868375 is divided by 1738.
25
Calculate the remainder when 676180 is divided by 8347.
73
Calculate the remainder when 310785 is divided by 103589.
18
What is the remainder when 5147989 is divided by 550?
539
Calculate the remainder when 2697363 is divided by 36950.
13
What is the remainder when 32287318 is divided by 195?
193
What is the remainder when 14317610 is divided by 277?
34
Calculate the remainder when 20601227 is divided by 130.
127
What is the remainder when 133238246 is divided by 527?
525
What is the remainder when 663583 is divided by 2493?
445
What is the remainder when 721634 is divided by 195?
134
Calculate the remainder when 165456 is divided by 27402.
1044
What is the remainder when 244208 is divided by 121826?
556
Calculate the remainder when 68095186 is divided by 368082.
16
Calculate the remainder when 25444352 is divided by 8481449.
5
Calculate the remainder when 38755 is divided by 36.
19
Calculate the remainder when 5406789 is divided by 2910.
9
Calculate the remainder when 578861 is divided by 289414.
33
Calculate the remainder when 19554618 is divided by 3270.
18
What is the remainder when 32978692 is divided by 657?
577
Calculate the remainder when 28384 is divided by 25167.
3217
What is the remainder when 877263 is divided by 3831?
3795
What is the remainder when 382178236 is divided by 258?
256
Calculate the remainder when 9615 is divided by 1120.
655
Calculate the remainder when 11315388 is divided by 1183.
1176
Calculate the remainder when 2340478 is divided by 636.
634
What is the remainder when 10456588 is divided by 1190?
58
Calculate the remainder when 320812 is divided by 39.
37
Calculate the remainder when 2649356 is divided by 882993.
377
Ca